s 23814 a multiple of 18?
True
Is 8 a factor of 1347?
False
Does 11 divide 120?
False
Does 22 divide 17622?
True
Is 6 a factor of 42?
True
Is 18150 a multiple of 30?
True
Is 4268 a multiple of 22?
True
Is 1088 a multiple of 8?
True
Is 3588 a multiple of 63?
False
Does 68 divide 10472?
True
Is 32 a factor of 7233?
False
Is 6 a factor of 514?
False
Is 56 a factor of 51240?
True
Is 20172 a multiple of 20?
False
Does 29 divide 40697?
False
Does 6 divide 139?
False
Is 867 a multiple of 21?
False
Does 14 divide 704?
False
Is 3 a factor of 143?
False
Does 7 divide 340?
False
Is 59 a factor of 575?
False
Does 44 divide 880?
True
Is 2688 a multiple of 28?
True
Is 1996 a multiple of 45?
False
Is 56 a factor of 19208?
True
Is 592 a multiple of 74?
True
Does 193 divide 28371?
True
Does 89 divide 18261?
False
Does 83 divide 581?
True
Does 7 divide 512?
False
Is 1217 a multiple of 8?
False
Is 672 a multiple of 12?
True
Does 140 divide 42000?
True
Is 9289 a multiple of 7?
True
Is 21 a factor of 41748?
True
Does 14 divide 840?
True
Does 136 divide 28670?
False
Is 20653 a multiple of 22?
False
Is 118 a factor of 11460?
False
Is 19 a factor of 12635?
True
Does 27 divide 773?
False
Is 165 a multiple of 5?
True
Does 80 divide 6880?
True
Does 4 divide 164?
True
Does 19 divide 6862?
False
Does 87 divide 10092?
True
Is 7 a factor of 7276?
False
Is 6 a factor of 275?
False
Is 26 a factor of 180?
False
Is 14 a factor of 14868?
True
Is 9 a factor of 2594?
False
Does 17 divide 10237?
False
Does 15 divide 33426?
False
Is 66 a multiple of 3?
True
Is 7216 a multiple of 88?
True
Is 5306 a multiple of 285?
False
Is 40 a factor of 4927?
False
Is 11 a factor of 308?
True
Is 11 a factor of 5283?
False
Does 116 divide 50112?
True
Is 7 a factor of 345?
False
Is 4140 a multiple of 22?
False
Is 23977 a multiple of 44?
False
Is 8938 a multiple of 117?
False
Does 2 divide 1137?
False
Is 3224 a multiple of 62?
True
Is 2325 a multiple of 23?
False
Does 20 divide 11280?
True
Is 255 a factor of 63750?
True
Does 16 divide 1543?
False
Does 111 divide 74085?
False
Does 17 divide 50694?
True
Is 18 a factor of 144?
True
Does 56 divide 1624?
True
Is 50 a factor of 621?
False
Is 53 a factor of 212?
True
Is 100 a factor of 4800?
True
Does 5 divide 150?
True
Is 144 a factor of 40797?
False
Is 49 a factor of 833?
True
Is 17 a factor of 442?
True
Does 58 divide 3855?
False
Is 6423 a multiple of 43?
False
Does 21 divide 1574?
False
Is 253 even?
False
Is 79 a factor of 5106?
False
Is 47 a factor of 564?
True
Does 9 divide 1062?
True
Does 5 divide 81?
False
Does 96 divide 33046?
False
Is 14534 a multiple of 26?
True
Is 12 a factor of 65088?
True
Does 11 divide 8804?
False
Is 16 a factor of 10448?
True
Does 94 divide 624?
False
Is 8 a factor of 91?
False
Does 11 divide 946?
True
Is 504 a multiple of 36?
True
Is 11311 a multiple of 15?
False
Is 9605 a multiple of 29?
False
Is 630 a multiple of 18?
True
Is 52 a factor of 11409?
False
Is 15 a factor of 210?
True
Is 114 a factor of 2508?
True
Is 27782 a multiple of 58?
True
Is 2970 a multiple of 27?
True
Is 11 a factor of 1595?
True
Does 15 divide 956?
False
Is 52 a factor of 8216?
True
Does 3 divide 460?
False
Is 44 a factor of 3139?
False
Is 12689 a multiple of 154?
False
Does 333 divide 38780?
False
Is 66 a factor of 34320?
True
Is 23492 a multiple of 151?
False
Is 1022 a multiple of 5?
False
Is 5 a factor of 6374?
False
Is 108 a factor of 12744?
True
Does 41 divide 69987?
True
Does 5 divide 125?
True
Is 268 a multiple of 16?
False
Is 6402 a multiple of 7?
False
Is 2250 a multiple of 125?
True
Is 12 a factor of 1152?
True
Is 26 a factor of 1482?
True
Does 87 divide 4437?
True
Does 61 divide 2257?
True
Is 14 a factor of 19523?
False
Does 29 divide 715?
False
Does 72 divide 2592?
True
Is 495 a multiple of 9?
True
Does 115 divide 5175?
True
Does 141 divide 6650?
False
Does 33 divide 594?
True
Is 21 a multiple of 3?
True
Is 2926 a multiple of 16?
False
Is 741 a multiple of 13?
True
Is 42 a factor of 3198?
False
Does 11 divide 659?
False
Is 21444 a multiple of 105?
False
Does 12 divide 4788?
True
Is 282 a factor of 131130?
True
Is 18 a factor of 711?
False
Is 1842 a multiple of 7?
False
Is 2 a factor of 93?
False
Does 39 divide 3315?
True
Is 7379 even?
False
Does 13 divide 17511?
True
Does 7 divide 959?
True
Does 20 divide 1580?
True
Does 10 divide 56528?
False
Does 85 divide 4675?
True
Is 2 a factor of 4568?
True
Is 889 a multiple of 7?
True
Is 99 a multiple of 5?
False
Is 1556 a multiple of 9?
False
Does 7 divide 658?
True
Does 39 divide 5823?
False
Does 11 divide 375?
False
Is 4267 a multiple of 52?
False
Is 25 a factor of 1174?
False
Is 1066 a multiple of 41?
True
Does 9 divide 90?
True
Does 12 divide 788?
False
Is 81 a factor of 7209?
True
Is 36 a factor of 216?
True
Does 19 divide 602?
False
Is 1971 a multiple of 9?
True
Is 3120 a multiple of 40?
True
Is 16621 a multiple of 11?
True
Does 5 divide 1065?
True
Is 11 a factor of 573?
False
Does 7 divide 3185?
True
Is 6 a factor of 330?
True
Is 17 a factor of 101?
False
Is 4 a factor of 460?
True
Is 7737 a multiple of 11?
False
Does 3 divide 978?
True
Does 92 divide 16652?
True
Is 2 a factor of 107?
False
Is 1657 a multiple of 18?
False
Is 22 a factor of 29075?
False
Is 59 a factor of 135759?
True
Is 24 a factor of 70366?
False
Is 6080 a multiple of 20?
True
Is 2040 a multiple of 60?
True
Is 2086 a multiple of 14?
True
Is 63872 a multiple of 38?
False
Is 369 a multiple of 11?
False
Does 18 divide 21258?
True
Is 75 a factor of 9934?
False
Is 6235 a multiple of 29?
True
Is 24 a factor of 3960?
True
Does 24 divide 2922?
False
Is 5733 a multiple of 49?
True
Is 497 a multiple of 5?
False
Is 6 a factor of 11?
False
Is 524 a multiple of 79?
False
Is 1110 a multiple of 6?
True
Does 10 divide 61264?
False
Does 25 divide 2000?
True
Is 16 a factor of 30?
False
Is 1989 a multiple of 13?
True
Is 41724 a multiple of 76?
True
Is 11 a factor of 141?
False
Is 12441 a multiple of 18?
False
Is 83 a factor of 1079?
True
Does 43 divide 20875?
False
Is 34 a factor of 11528?
False
Does 3 divide 272?
False
Does 110 divide 7064?
False
Is 270 a multiple of 9?
True
Is 9 a factor of 90?
True
Is 12479 a multiple of 44?
False
Is 2268 a multiple of 28?
True
Is 45090 a multiple of 57?
False
Is 4 a factor of 7996?
True
Is 3166 a multiple of 66?
False
Is 978 a multiple of 6?
True
Does 9 divide 270?
True
Is 50 a multiple of 32?
False
Is 85 a factor of 1870?
True
Does 8 divide 368?
True
Does 38 divide 89528?
True
Is 19 a factor of 13794?
True
Does 6 divide 3215?
False
Is 6 a factor of 32556?
True
Is 42 a factor of 3402?
True
Is 202 a factor of 1010?
True
Is 1956 a multiple of 12?
True
Is 161 a factor of 30268?
True
Is 54 a factor of 4752?
True
Is 86 a factor of 94772?
True
Is 11 a factor of 583?
True
Does 4 divide 18550?
False
Is 21590 a multiple of 170?
True
Does 5 divide 245?
True
Is 524 a multiple of 131?
True
Does 85 divide 7712?
False
Does 12 divide 3252?
True
Is 19882 a multiple of 6?
False
Is 140 a multiple of 12?
False
Does 9 divide 2147?
False
Is 76 a factor of 12272?
False
Is 98 a factor of 3837?
False
Is 208 a multiple of 4?
True
Is 12 a factor of 128?
False
Does 3 divide 1506?
True
Does 18 divide 4752?
True
Is 76 a factor of 1672?
True
Does 38 divide 105?
False
Is 9 a factor of 40?
False
Is 12 a factor of 216?
True
Is 12 a factor of 816?
True
Does 35 divide 770?
True
Is 7 a factor of 343?
True
Is 23 a factor of 338?
False
Does 72 divide 864?
True
Is 3 a factor of 264?
True
Does 92 divide 9660?
True
Does 11 divide 319?
True
Is 18173 a multiple of 12?
False
Does 36 divide 3252?
False
Is 173 a factor of 4283?
False
Is 4145 even?
False
Does 68 divide 1545?
False
Does 6 divide 72?
True
Is 34356 a multiple of 39?
False
Is 69 a factor of 1873?
False
Is 63 a multiple of 9?
True
Does 5 divide 73109?
False
Is 3273 a multiple of 90?
False
Is 442 a multiple of 26?
True
Is 2590 a multiple of 37?
True
Is 12 a factor of 3904?
False
Is 83 a multiple of 10?
False
Does 14 divide 1540?
True
Is 17 a factor of 129002?
False
Is 288 a multiple of 72?
True
Is 463 a multiple of 2?
False
Is 14 a factor of 574?
True
Is 1786 a multiple of 12?
False
Is 14 a factor of 7532?
True
Does 178 divide 39490?
False
Is 21 a factor of 902?
False
Is 12 a factor of 4